)?
12
What is the remainder when (-760)/(-570) - 194/(-3) is divided by 35?
31
Let k(r) = -r**2 - 5*r + 30. Let u be k(-8). Suppose u*w = 269 + 181. What is the remainder when 371 is divided by w?
71
Suppose 13 = -4*f - 3*m, 2*f - 4*m = -10 - 24. Calculate the remainder when (-3 + 44 - 0) + (f - -4) is divided by 8.
6
Suppose 132 - 148 = -3*v - 5*x, -2*x + 19 = 3*v. What is the remainder when 6723 is divided by v?
3
Let b(g) = 143*g + 7. What is the remainder when b(5) is divided by ((-12)/21)/((-3908)/198331)?
26
Let h be (-1)/2*(-12)/10*5. Let m = 87 + -83. Suppose -3*u + 31 = -2*u - h*z, -3*u = m*z - 54. What is the remainder when 63 is divided by u?
19
Let l be -3*6/45*-15. Suppose l = 4*g - g. Suppose 6*y + 3*x = 2*y + 20, -x - 6 = -5*y. Calculate the remainder when g is divided by y.
0
Let x(b) be the second derivative of b**5/5 - b**4/3 - 2*b**2 - 131*b. Suppose 4 + 2 = 2*v. Calculate the remainder when x(v) is divided by 24.
20
Let l(x) = 18*x**2 - 172*x + 469. Calculate the remainder when 1318 is divided by l(3).
53
Suppose -2*c = 2*c - 536. Let z be 2/7 - 8030/(-70). Suppose -13*o + 106 + z = 0. What is the remainder when c is divided by o?
15
Suppose -2*i + 92*b - 96*b = -170, -3*i - 3*b + 243 = 0. Calculate the remainder when 12934 is divided by i.
75
Let l = 4091 - 947. Suppose 57*c - l = 219. Calculate the remainder when 176 is divided by c.
58
Suppose -24*j = 3149 + 3139. Let y = 337 + j. Calculate the remainder when 220 is divided by y.
70
Let z = -82 - -86. Suppose w = 4*y - 109, -47 = -2*y - 2*w + 5*w. Let r = 45 - y. Calculate the remainder when r is divided by z.
1
Let x = -446 - -458. What is the remainder when x is divided by 7?
5
Suppose 3*t - t = -114. Let q be (-46)/5*(-20)/(-8)*-1. Let v = q - t. What is the remainder when v is divided by 18?
8
Let p = 239 - 106. Let u = -2 + p. Calculate the remainder when u is divided by 19.
17
Suppose -2*q = -m - 4, -4*m + 3 - 14 = -3*q. Let u be (-3 + q)/(2/7). Let j(d) = -6*d - 24. Calculate the remainder when 86 is divided by j(u).
14
Let p(w) = -w**3 - 17*w**2 + 7*w + 71. Let a be p(-17). Let b = 153 - a. Calculate the remainder when b is divided by 68.
65
Suppose -3*p - 4 + 67 = 0. Suppose -p*z + 9*z = -456. Calculate the remainder when 107 is divided by z.
31
Let g = -150 + 206. Suppose -3*t + t + g = -3*c, -4*t + 4*c + 108 = 0. Calculate the remainder when 97 is divided by t.
22
Let p(n) = -27*n**2 - 1864*n + 57. What is the remainder when 1885 is divided by p(-69)?
121
Let l = 84 - 60. Let j(x) = -10*x**2 + 21 + 3*x - 12*x**2 - 3*x**2 + l*x**2. What is the remainder when 20 is divided by j(5)?
9
Suppose -4*u + 3 = a - 12, -3*u = -5*a + 6. Suppose -59 - 52 = -a*q. What is the remainder when q is divided by 15?
7
Let r(b) = -34*b + 163. Suppose 0 = 2*q - 7*q. Suppose p = -q*p - g + 65, -2*g = -4*p + 248. What is the remainder when p is divided by r(4)?
9
Let u be 6/(-9) - (420/(-9) + 1). Let v = -47 + u. Calculate the remainder when 75 is divided by (3*3/18)/(v/(-84)).
12
Suppose -2*a - d = -416 - 216, a + 5*d = 334. Suppose 3*h - 344 = -a. What is the remainder when 35 is divided by h?
5
Let a = 24370 + -24286. Calculate the remainder when 313 is divided by a.
61
Suppose -5*u + 4*c = -289, u - 2*c = 137 - 90. Suppose -3*g = g + 5*p - 533, 396 = 3*g + 3*p. Calculate the remainder when g is divided by u.
62
Let i = 39 - 61. Let s be i*3/(3/(-5)). Suppose -1 = -t, 4*q + t - s = -t. What is the remainder when q is divided by 4?
3
Suppose 3*a - 663 + 7670 = 16*a. What is the remainder when a is divided by 202?
135
Let i = 97 - 99. Let s be 8/2 - (-2 - 4)/i. Suppose p + 8 = o, 0 = -2*o + 5*p + s + 12. Calculate the remainder when 62 is divided by o.
8
Calculate the remainder when 60 is divided by 1/((-21)/12)*(-69 - -13).
28
Let x = -173 + 173. Suppose -34 = -5*r - 4*v, 3*r - 14 = -x*r + 4*v. Calculate the remainder when 63 is divided by r.
3
Let i = 0 - -3. Suppose -o + 4 = 3*y - 17, -i*o - 3*y + 39 = 0. What is the remainder when 40 + 34 + (-1 - 5) is divided by o?
5
Let r = -165 + 284. Let w = r + -115. Calculate the remainder when 5 is divided by w.
1
Let h(b) = 22*b + 676. Calculate the remainder when 163 is divided by h(-29).
11
Suppose f - 3*t - 29 = 0, -136 = -3*f - 11*t + 13*t. What is the remainder when 357 is divided by f?
7
Let v be (6/4)/((-10)/((-1960)/21)). Calculate the remainder when 19 is divided by ((-50)/75)/(v/(-6) + 2).
1
Suppose 0 = u + 4*u - 100. Suppose 2*l = -l + 36. Calculate the remainder when l is divided by ((-2)/6*-2)/(u/120).
0
Let n be 2 - 557/(-3) - 8/12. Let o = n - 173. What is the remainder when 45 is divided by o?
3
Let h(c) = c**3 + 32*c**2 - 73*c - 50. What is the remainder when 2002 is divided by h(-34)?
82
Let q(h) = 2*h**3 + 24*h**2 - 7*h - 17. What is the remainder when 93 is divided by q(-12)?
26
Let k = -1410 - -2731. Calculate the remainder when k is divided by 21.
19
Suppose -48*h = 15*h - 504. What is the remainder when 1221 is divided by h?
5
What is the remainder when (-3916)/(-6) - 11/(-165)*-10 is divided by 22?
14
Let i = -10 + 42. Let h(x) = -488*x - 4315. What is the remainder when h(-9) is divided by i?
13
Suppose -49 = -14*x + 7. Suppose x = 11*r - 51. What is the remainder when 34 is divided by r?
4
Suppose 3*t + j = 623, 5*t + j = 6*t - 213. Suppose 4*p = 5*q - t, 0*q - 5*p = 2*q - 77. Calculate the remainder when 101 is divided by q.
19
Suppose -45*m + 32338 = -40877. Calculate the remainder when m is divided by 9.
7
Let t be 3/12*33*16. Suppose -4*z + 0*z + t = 0. Suppose -2*r - c - 2*c + 175 = 0, r - 105 = 2*c. Calculate the remainder when r is divided by z.
29
Suppose -3*f + 78 + 60 = 0. Suppose v + 19*p - 223 = 18*p, -3*p = -2*v + 441. Calculate the remainder when v is divided by f.
38
What is the remainder when 6/(336/(-70))*-148 is divided by 47?
44
Let b = 18285 - 18239. Suppose k = -y - 4, 4*k - 4*y = -0*y - 16. What is the remainder when b is divided by (-2)/(-4) + (-62)/k?
14
Suppose -3*s = -48 + 3. Let b be -117 - (-1 + (2 - 4)). What is the remainder when (0 - -6 - 5)/((-2)/b) is divided by s?
12
What is the remainder when 142 is divided by 26/6*216/72?
12
Suppose a + 308 = 8*a. Let h = 146 - a. Let q = h - 80. What is the remainder when q is divided by 6?
4
Let i = -2 + 143. Suppose 11 = -10*t + i. Calculate the remainder when 295 is divided by t.
9
Suppose -y + 5*h = -92, -256*y + 251*y + 436 = -h. Calculate the remainder when 953 is divided by y.
83
What is the remainder when 442 is divided by -1*(-2)/8*-4*(-1720)/20?
12
Let z be (-2)/(-6)*(6 + -7)*3. Let y be (1 - z)/((-5 + 3)/(-4)). Suppose 2*i = a + 44, -y*a + 102 = 5*i + 18. What is the remainder when 92 is divided by i?
12
Let b = -5 + 22. Suppose 799 + 1031 = 2*v. Let o = -906 + v. Calculate the remainder when b is divided by o.
8
Let g(a) = -68*a**2 + 12*a - 27. Let d be g(3). Let l = d - -767. Calculate the remainder when l is divided by 33.
32
Suppose -99*f + 58*f + 62*f = 2562. What is the remainder when f is divided by (-4 - 4/(-2)) + 46?
34
Let x = -107 - -111. Suppose -x*q - 7 = 5*b, q - 7*b = -3*b + 14. Calculate the remainder when q is divided by 2.
0
Suppose 2*v + 3*z + 0*z - 18 = 0, -5*v + 3*z = -87. Suppose 7*b = -3*b. What is the remainder when v is divided by -1*(b - -2) + 8?
3
Calculate the remainder when 177 is divided by 2328/27 + (3286/2385 - (-8)/(-5)).
5
Let n(b) = 145*b + 4. Let j be n(2). Let c = j - 228. What is the remainder when c is divided by 37?
29
Let i(v) = 8*v - 14. Let t = 98 - -16. Suppose -6*k + t = 30. What is the remainder when i(k) is divided by 20?
18
Suppose 60 = -106*k + 111*k. Let q(d) = 72*d - 14. Let o be q(5). Calculate the remainder when o/6 + 1*(-6)/9 is divided by k.
9
Suppose 5*j = h + 120, 5*j + h - 25 = 105. What is the remainder when 240 is divided by j?
15
Suppose 7*p - 25 = 6*p. Suppose 0 = -4*c + 5 + 7. Suppose -5*f = c*x - 261, 2*x = 5*f + 240 - 41. Calculate the remainder when x is divided by p.
17
Let f(j) = -47*j + 5107. What is the remainder when f(-20) is divided by 16?
15
Suppose -13*d + 29*d - 1232 = 0. Suppose -241 + d = -4*s. Calculate the remainder when s is divided by 1*-1*(-6 + -8).
13
Suppose 32*l + 465 = -21*l + 58*l. Calculate the remainder when 258 is divided by l.
72
Let o(a